{"id":35,"date":"2013-08-29T18:41:01","date_gmt":"2013-08-29T18:41:01","guid":{"rendered":"http:\/\/gdlfashion.com\/?page_id=35"},"modified":"2020-10-15T17:36:22","modified_gmt":"2020-10-15T17:36:22","slug":"contacto","status":"publish","type":"page","link":"http:\/\/gdlfashion.com\/?page_id=35","title":{"rendered":"Contacto"},"content":{"rendered":"<h1 style=\"text-align: center;\"><b>Inv\u00edtanos A T\u00fa Evento<br \/><\/b><\/h1>\n<p style=\"text-align: center;\"><a href=\"mailto: &quot;contacto@gdlfashion.com&quot;\">contacto@gdlfashion.com<\/a><\/p>\n<p style=\"text-align: center;\">Tel. (33) 23 00 08 77 \u00a0Cel. 334 593 6298<\/p>\n<p><a href=\"http:\/\/gdlfashion.com\/wp-content\/uploads\/2013\/08\/GDlFashion2016B.png\"><img loading=\"lazy\" decoding=\"async\" class=\"size-medium wp-image-8157 aligncenter\" src=\"http:\/\/gdlfashion.com\/wp-content\/uploads\/2013\/08\/GDlFashion2016B-300x97.png\" alt=\"GDlFashion2016B\" width=\"300\" height=\"97\" srcset=\"http:\/\/gdlfashion.com\/wp-content\/uploads\/2013\/08\/GDlFashion2016B-300x97.png 300w, http:\/\/gdlfashion.com\/wp-content\/uploads\/2013\/08\/GDlFashion2016B-1024x332.png 1024w, http:\/\/gdlfashion.com\/wp-content\/uploads\/2013\/08\/GDlFashion2016B-169x55.png 169w\" sizes=\"(max-width: 300px) 100vw, 300px\" \/><\/a><\/p>\n<p style=\"text-align: center;\"><b>Nos Interesa T\u00fa Opini\u00f3n Comun\u00edcate Con Nosotros<\/b><\/p>\n<p>\u00a0<\/p>\n\n\n<div class=\"wp-block-columns is-layout-flex wp-container-core-columns-layout-1 wp-block-columns-is-layout-flex\">\n<div class=\"wp-block-column is-layout-flow wp-block-column-is-layout-flow\" style=\"flex-basis:33.33%\"><\/div>\n\n\n\n<div class=\"wp-block-column is-layout-flow wp-block-column-is-layout-flow\" style=\"flex-basis:66.66%\"><div role=\"form\" class=\"wpcf7\" id=\"wpcf7-f13148-o1\" lang=\"es-ES\" dir=\"ltr\">\n<div class=\"screen-reader-response\" role=\"alert\" aria-live=\"polite\"><\/div>\n<form action=\"\/index.php?rest_route=%2Fwp%2Fv2%2Fpages%2F35#wpcf7-f13148-o1\" method=\"post\" class=\"wpcf7-form init\" novalidate=\"novalidate\">\n<div style=\"display: none;\">\n<input type=\"hidden\" name=\"_wpcf7\" value=\"13148\" \/>\n<input type=\"hidden\" name=\"_wpcf7_version\" value=\"5.2.2\" \/>\n<input type=\"hidden\" name=\"_wpcf7_locale\" value=\"es_ES\" \/>\n<input type=\"hidden\" name=\"_wpcf7_unit_tag\" value=\"wpcf7-f13148-o1\" \/>\n<input type=\"hidden\" name=\"_wpcf7_container_post\" value=\"0\" \/>\n<input type=\"hidden\" name=\"_wpcf7_posted_data_hash\" value=\"\" \/>\n<\/div>\n<p><label> Tu nombre (obligatorio)<br \/>\n    <span class=\"wpcf7-form-control-wrap your-name\"><input type=\"text\" name=\"your-name\" value=\"\" size=\"40\" class=\"wpcf7-form-control wpcf7-text wpcf7-validates-as-required\" aria-required=\"true\" aria-invalid=\"false\" \/><\/span> <\/label><\/p>\n<p><label> Tu correo electr\u00f3nico (obligatorio)<br \/>\n    <span class=\"wpcf7-form-control-wrap your-email\"><input type=\"email\" name=\"your-email\" value=\"\" size=\"40\" class=\"wpcf7-form-control wpcf7-text wpcf7-email wpcf7-validates-as-required wpcf7-validates-as-email\" aria-required=\"true\" aria-invalid=\"false\" \/><\/span> <\/label><\/p>\n<p><label> Asunto<br \/>\n    <span class=\"wpcf7-form-control-wrap your-subject\"><input type=\"text\" name=\"your-subject\" value=\"\" size=\"40\" class=\"wpcf7-form-control wpcf7-text\" aria-invalid=\"false\" \/><\/span> <\/label><\/p>\n<p><label> Tu mensaje<br \/>\n    <span class=\"wpcf7-form-control-wrap your-message\"><textarea name=\"your-message\" cols=\"40\" rows=\"10\" class=\"wpcf7-form-control wpcf7-textarea\" aria-invalid=\"false\"><\/textarea><\/span> <\/label><\/p>\n<p><input type=\"submit\" value=\"Enviar\" class=\"wpcf7-form-control wpcf7-submit\" \/><\/p>\n<div class=\"wpcf7-response-output\" role=\"alert\" aria-hidden=\"true\"><\/div><\/form><\/div>\n<\/div>\n<\/div>\n","protected":false},"excerpt":{"rendered":"<p>Inv\u00edtanos A T\u00fa Evento contacto@gdlfashion.com Tel. (33) 23 00 08 77 \u00a0Cel. 334 593 6298 Nos Interesa T\u00fa Opini\u00f3n Comun\u00edcate&hellip;<\/p>\n","protected":false},"author":1,"featured_media":0,"parent":0,"menu_order":0,"comment_status":"closed","ping_status":"closed","template":"","meta":{"footnotes":""},"_links":{"self":[{"href":"http:\/\/gdlfashion.com\/index.php?rest_route=\/wp\/v2\/pages\/35"}],"collection":[{"href":"http:\/\/gdlfashion.com\/index.php?rest_route=\/wp\/v2\/pages"}],"about":[{"href":"http:\/\/gdlfashion.com\/index.php?rest_route=\/wp\/v2\/types\/page"}],"author":[{"embeddable":true,"href":"http:\/\/gdlfashion.com\/index.php?rest_route=\/wp\/v2\/users\/1"}],"replies":[{"embeddable":true,"href":"http:\/\/gdlfashion.com\/index.php?rest_route=%2Fwp%2Fv2%2Fcomments&post=35"}],"version-history":[{"count":17,"href":"http:\/\/gdlfashion.com\/index.php?rest_route=\/wp\/v2\/pages\/35\/revisions"}],"predecessor-version":[{"id":13150,"href":"http:\/\/gdlfashion.com\/index.php?rest_route=\/wp\/v2\/pages\/35\/revisions\/13150"}],"wp:attachment":[{"href":"http:\/\/gdlfashion.com\/index.php?rest_route=%2Fwp%2Fv2%2Fmedia&parent=35"}],"curies":[{"name":"wp","href":"https:\/\/api.w.org\/{rel}","templated":true}]}}